{"id":199,"date":"2021-03-13T00:20:51","date_gmt":"2021-03-12T23:20:51","guid":{"rendered":"http:\/\/localhost\/wordpress%20infiniteart\/wordpress\/?page_id=199"},"modified":"2024-12-30T20:45:34","modified_gmt":"2024-12-30T19:45:34","slug":"impressum","status":"publish","type":"page","link":"http:\/\/infinite-art.de\/index.php\/impressum\/","title":{"rendered":"Impressum"},"content":{"rendered":"\n<figure class=\"wp-block-table is-style-stripes\"><table><tbody><tr><td>Anschrift:<\/td><td>Prof. Dr. Philipp Liedl<br>Baumreute 31<br>D-73730 Esslingen<\/td><\/tr><tr><td>Telefon:<\/td><td>+49 (0)711 50074920<\/td><\/tr><tr><td>E-Mail:<\/td><td>info(at)philipp-liedl.de<\/td><\/tr><tr><td>Internet:<\/td><td>www.philipp-liedl.de | www.infinite-art.de<\/td><\/tr><\/tbody><\/table><\/figure>\n\n\n\n<p>Umsatzsteuer-Identifikationsnummer: DE 256013413<\/p>\n\n\n\n<p>Der Autor stellt sein Internetangebot unter folgenden Nutzungsbedingungen zur Verf\u00fcgung:<\/p>\n\n\n\n<p><strong>Haftung<\/strong><\/p>\n\n\n\n<p>1. Der Autor ist als Dienstanbieter nach \u00a7 7 Abs. 1 TMG f\u00fcr die eigenen Inhalte, die es zur Nutzung bereith\u00e4lt, nach den allgemeinen Vorschriften verantwortlich. Die Haftung f\u00fcr Sch\u00e4den materieller oder ideeller Art, die durch die Nutzung der Inhalte verursacht wurden, ist ausgeschlossen, sofern nicht Vorsatz oder grobe Fahrl\u00e4ssigkeit vorliegt.<\/p>\n\n\n\n<p>2. Soweit ein Text von dritter Seite erstellt ist, wird der jeweilige Verfasser namentlich benannt. In diesen F\u00e4llen ist der Verfasser des jeweiligen Dokuments bzw. sein Auftraggeber f\u00fcr den Inhalt verantwortlich.<\/p>\n\n\n\n<p>3. Der Autor ist gem\u00e4\u00df \u00a7 7 Abs.2 TMG nicht verpflichtet, die von ihm \u00fcbermittelten oder gespeicherten fremden Informationen zu \u00fcberwachen oder nach Umst\u00e4nden zu forschen, die auf eine rechtswidrige T\u00e4tigkeit hinweisen.<\/p>\n\n\n\n<p>4. Der Autor macht sich den Inhalt, der innerhalb ihres Angebots per Hyperlinks zug\u00e4nglich gemachten fremden Websites ausdr\u00fccklich nicht zu eigen und kann deshalb f\u00fcr deren inhaltliche Korrektheit, Vollst\u00e4ndigkeit und Verf\u00fcgbarkeit keine Gew\u00e4hr leisten. Der Autor hat keinen Einfluss auf die aktuelle und zuk\u00fcnftige Gestaltung und auf Inhalte der gelinkten Seiten.<\/p>\n\n\n\n<p><strong>Urheberrecht<\/strong><\/p>\n\n\n\n<p>Die Website von Dr. Philipp Liedl einschlie\u00dflich aller ihrer Teile wie Texte und Bilder ist urheberechtlich gesch\u00fctzt. Jede Verwendung au\u00dferhalb der engen Grenzen des Urheberrechtsgesetzes ist unzul\u00e4ssig. Die Vervielf\u00e4ltigung von Informationen oder Daten, insbesondere die Verwendung von Texten, Textteilen oder Bildmaterial bedarf der vorherigen schriftlichen Zustimmung durch uns. Die Weitergabe der Inhalte der Website an Dritte gegen Entgelt ist nicht gestattet.<\/p>\n\n\n\n<p><strong>Registrierung der Zugriffe<\/strong><\/p>\n\n\n\n<p>Alle Zugriffe auf unsere Server werden registriert. Es werden Datum, Rechneradresse und gelesenes Dokument gespeichert. Diese Daten werden unter Umst\u00e4nden f\u00fcr statistische Zwecke ausgewertet und ggf. anonymisiert ver\u00f6ffentlicht. Mit der Benutzung unserer Server erkl\u00e4ren Sie sich hiermit einverstanden. Sollten Sie mit dieser Vorgehensweise nicht einverstanden sein, so steht es Ihnen frei, unser Internet-Angebot nicht zu benutzen.<\/p>\n\n\n\n<p><strong>Gesetzliche Hinweise<\/strong><\/p>\n\n\n\n<p>Wir freuen uns \u00fcber Ihren Besuch auf dieser Website. S\u00e4mtliche auf dieser Website erhobenen pers\u00f6nlichen Daten werden ausschlie\u00dflich zu Ihrer individuellen Betreuung, der \u00dcbersendung von Informationen gespeichert und verarbeitet. Der Autor sichert zu, dass Ihre Angaben entsprechend den geltenden datenschutzrechtlichen Bestimmungen vertraulich behandelt werden.<\/p>\n\n\n\n<p>Die Sicherheit der uns per Internet \u00fcbermittelten Daten k\u00f6nnen wir nicht gew\u00e4hrleisten. F\u00fcr eine sinnvolle Bearbeitung oder Abwicklung bestimmter Anfragen ist es unumg\u00e4nglich Cookies zu verwenden. Lediglich auf diese Weise ist sichergestellt, dass in dem aktuellen Vorgang zur\u00fcckgebl\u00e4ttert werden kann. Beim Verlassen dieser Website werden diese Cookies automatisch vom Computer des Internetnutzers gel\u00f6scht.<\/p>\n\n\n\n<p><strong>Verantwortlich f\u00fcr den Inhalt:<\/strong><br>Prof. Dr. Philipp Liedl<\/p>\n\n\n\n<p><\/p>\n\n\n<ul id=\"menu-footer\" class=\"menu csFooterMenu\"><li id=\"menu-item-474\" class=\"menu-item menu-item-type-post_type menu-item-object-page menu-item-474\"><a href=\"http:\/\/infinite-art.de\/index.php\/impressum\/\">Impressum<\/a><\/li>\n<li id=\"menu-item-473\" class=\"menu-item menu-item-type-post_type menu-item-object-page menu-item-privacy-policy menu-item-473\"><a rel=\"privacy-policy\" href=\"http:\/\/infinite-art.de\/index.php\/datenschutz\/\">Datenschutz<\/a><\/li>\n<li id=\"menu-item-36\" class=\"menu-item menu-item-type-post_type menu-item-object-page menu-item-36\"><a href=\"http:\/\/infinite-art.de\/index.php\/kontakt\/\">Kontakt<\/a><\/li>\n<li id=\"menu-item-608\" class=\"menu-item menu-item-type-post_type menu-item-object-page menu-item-608\"><a href=\"http:\/\/infinite-art.de\/index.php\/cookie-richtlinie-eu\/\">Cookie-Richtlinie (EU)<\/a><\/li>\n<\/ul>\n","protected":false},"excerpt":{"rendered":"<p>Anschrift: Prof. Dr. Philipp LiedlBaumreute 31D-73730 Esslingen Telefon: +49 (0)711 50074920 E-Mail: info(at)philipp-liedl.de Internet: www.philipp-liedl.de | www.infinite-art.de Umsatzsteuer-Identifikationsnummer: DE 256013413 Der Autor stellt sein Internetangebot unter folgenden Nutzungsbedingungen zur Verf\u00fcgung: Haftung 1. Der Autor ist als Dienstanbieter nach \u00a7 7 Abs. 1 TMG f\u00fcr die eigenen Inhalte, die es zur Nutzung bereith\u00e4lt, nach den allgemeinen [&hellip;]<\/p>\n","protected":false},"author":1,"featured_media":0,"parent":0,"menu_order":0,"comment_status":"closed","ping_status":"closed","template":"","meta":{"_monsterinsights_skip_tracking":false,"_monsterinsights_sitenote_active":false,"_monsterinsights_sitenote_note":"","_monsterinsights_sitenote_category":0,"ocean_post_layout":"","ocean_both_sidebars_style":"","ocean_both_sidebars_content_width":0,"ocean_both_sidebars_sidebars_width":0,"ocean_sidebar":"","ocean_second_sidebar":"","ocean_disable_margins":"enable","ocean_add_body_class":"","ocean_shortcode_before_top_bar":"","ocean_shortcode_after_top_bar":"","ocean_shortcode_before_header":"","ocean_shortcode_after_header":"","ocean_has_shortcode":"","ocean_shortcode_after_title":"","ocean_shortcode_before_footer_widgets":"","ocean_shortcode_after_footer_widgets":"","ocean_shortcode_before_footer_bottom":"","ocean_shortcode_after_footer_bottom":"","ocean_display_top_bar":"default","ocean_display_header":"default","ocean_header_style":"","ocean_center_header_left_menu":"","ocean_custom_header_template":"","ocean_custom_logo":0,"ocean_custom_retina_logo":0,"ocean_custom_logo_max_width":0,"ocean_custom_logo_tablet_max_width":0,"ocean_custom_logo_mobile_max_width":0,"ocean_custom_logo_max_height":0,"ocean_custom_logo_tablet_max_height":0,"ocean_custom_logo_mobile_max_height":0,"ocean_header_custom_menu":"","ocean_menu_typo_font_family":"","ocean_menu_typo_font_subset":"","ocean_menu_typo_font_size":0,"ocean_menu_typo_font_size_tablet":0,"ocean_menu_typo_font_size_mobile":0,"ocean_menu_typo_font_size_unit":"px","ocean_menu_typo_font_weight":"","ocean_menu_typo_font_weight_tablet":"","ocean_menu_typo_font_weight_mobile":"","ocean_menu_typo_transform":"","ocean_menu_typo_transform_tablet":"","ocean_menu_typo_transform_mobile":"","ocean_menu_typo_line_height":0,"ocean_menu_typo_line_height_tablet":0,"ocean_menu_typo_line_height_mobile":0,"ocean_menu_typo_line_height_unit":"","ocean_menu_typo_spacing":0,"ocean_menu_typo_spacing_tablet":0,"ocean_menu_typo_spacing_mobile":0,"ocean_menu_typo_spacing_unit":"","ocean_menu_link_color":"","ocean_menu_link_color_hover":"","ocean_menu_link_color_active":"","ocean_menu_link_background":"","ocean_menu_link_hover_background":"","ocean_menu_link_active_background":"","ocean_menu_social_links_bg":"","ocean_menu_social_hover_links_bg":"","ocean_menu_social_links_color":"","ocean_menu_social_hover_links_color":"","ocean_disable_title":"default","ocean_disable_heading":"default","ocean_post_title":"","ocean_post_subheading":"","ocean_post_title_style":"","ocean_post_title_background_color":"","ocean_post_title_background":0,"ocean_post_title_bg_image_position":"","ocean_post_title_bg_image_attachment":"","ocean_post_title_bg_image_repeat":"","ocean_post_title_bg_image_size":"","ocean_post_title_height":0,"ocean_post_title_bg_overlay":0.5,"ocean_post_title_bg_overlay_color":"","ocean_disable_breadcrumbs":"default","ocean_breadcrumbs_color":"","ocean_breadcrumbs_separator_color":"","ocean_breadcrumbs_links_color":"","ocean_breadcrumbs_links_hover_color":"","ocean_display_footer_widgets":"default","ocean_display_footer_bottom":"default","ocean_custom_footer_template":"","_vp_format_video_url":"","_vp_image_focal_point":[],"footnotes":""},"class_list":["post-199","page","type-page","status-publish","hentry","entry"],"aioseo_notices":[],"_links":{"self":[{"href":"http:\/\/infinite-art.de\/index.php\/wp-json\/wp\/v2\/pages\/199","targetHints":{"allow":["GET"]}}],"collection":[{"href":"http:\/\/infinite-art.de\/index.php\/wp-json\/wp\/v2\/pages"}],"about":[{"href":"http:\/\/infinite-art.de\/index.php\/wp-json\/wp\/v2\/types\/page"}],"author":[{"embeddable":true,"href":"http:\/\/infinite-art.de\/index.php\/wp-json\/wp\/v2\/users\/1"}],"replies":[{"embeddable":true,"href":"http:\/\/infinite-art.de\/index.php\/wp-json\/wp\/v2\/comments?post=199"}],"version-history":[{"count":3,"href":"http:\/\/infinite-art.de\/index.php\/wp-json\/wp\/v2\/pages\/199\/revisions"}],"predecessor-version":[{"id":715,"href":"http:\/\/infinite-art.de\/index.php\/wp-json\/wp\/v2\/pages\/199\/revisions\/715"}],"wp:attachment":[{"href":"http:\/\/infinite-art.de\/index.php\/wp-json\/wp\/v2\/media?parent=199"}],"curies":[{"name":"wp","href":"https:\/\/api.w.org\/{rel}","templated":true}]}}